ctor of 3948 and 42?
42
Calculate the highest common factor of 140 and 640.
20
What is the greatest common factor of 12 and 4832?
4
Calculate the highest common factor of 132 and 48.
12
What is the highest common factor of 395 and 2923?
79
What is the greatest common divisor of 2430 and 10?
10
What is the highest common divisor of 171 and 369?
9
What is the highest common factor of 1782 and 405?
81
What is the highest common factor of 612 and 72?
36
Calculate the highest common factor of 637 and 1029.
49
What is the highest common divisor of 445 and 5?
5
Calculate the greatest common divisor of 37 and 1369.
37
What is the highest common factor of 20 and 70?
10
What is the highest common divisor of 147 and 245?
49
What is the greatest common divisor of 75 and 3?
3
What is the greatest common factor of 157 and 21038?
157
What is the greatest common divisor of 20 and 260?
20
Calculate the highest common factor of 851 and 529.
23
What is the highest common factor of 74 and 148?
74
Calculate the highest common factor of 385 and 280.
35
Calculate the greatest common divisor of 53 and 583.
53
Calculate the greatest common divisor of 7165 and 5.
5
Calculate the greatest common factor of 6 and 1218.
6
Calculate the greatest common divisor of 10 and 2.
2
Calculate the greatest common divisor of 75 and 115.
5
What is the highest common divisor of 40 and 3820?
20
What is the greatest common divisor of 6612 and 1740?
348
Calculate the highest common factor of 37 and 14689.
37
Calculate the greatest common divisor of 27 and 141.
3
What is the highest common factor of 1 and 74?
1
Calculate the greatest common factor of 331 and 19529.
331
Calculate the highest common divisor of 3240 and 1134.
162
What is the highest common divisor of 28 and 1302?
14
What is the highest common factor of 84 and 126?
42
What is the greatest common factor of 359 and 16?
1
Calculate the highest common factor of 258 and 24.
6
What is the greatest common divisor of 4577 and 69?
23
Calculate the highest common divisor of 1444 and 608.
76
What is the highest common factor of 30 and 290?
10
Calculate the greatest common factor of 17 and 34.
17
What is the greatest common factor of 276 and 6808?
92
What is the greatest common divisor of 90 and 1530?
90
Calculate the greatest common divisor of 3237 and 39.
39
What is the highest common divisor of 5891 and 43?
43
What is the greatest common divisor of 198 and 297?
99
Calculate the greatest common factor of 792 and 12.
12
What is the greatest common factor of 21 and 287?
7
Calculate the highest common divisor of 304 and 208.
16
What is the greatest common factor of 18738 and 9?
9
Calculate the greatest common factor of 315 and 4275.
45
Calculate the greatest common factor of 264 and 484.
44
What is the greatest common divisor of 806 and 62?
62
What is the highest common divisor of 97 and 4268?
97
Calculate the greatest common divisor of 826 and 112.
14
Calculate the highest common factor of 106 and 2.
2
What is the highest common factor of 2926 and 266?
266
What is the greatest common factor of 83 and 1?
1
Calculate the highest common factor of 6350 and 100.
50
Calculate the greatest common factor of 12467 and 411.
137
What is the greatest common divisor of 624 and 240?
48
What is the greatest common divisor of 36 and 387?
9
What is the greatest common factor of 6441 and 57?
57
Calculate the greatest common divisor of 6255 and 278.
139
What is the highest common divisor of 28 and 525?
7
What is the highest common divisor of 49 and 3283?
49
Calculate the highest common divisor of 12 and 1455.
3
Calculate the greatest common factor of 1472 and 92.
92
What is the greatest common factor of 27 and 333?
9
Calculate the greatest common factor of 6 and 2634.
6
Calculate the highest common factor of 1323 and 135.
27
Calculate the greatest common factor of 34 and 2176.
34
Calculate the highest common divisor of 468 and 3328.
52
Calculate the greatest common factor of 2 and 166.
2
What is the highest common factor of 392 and 308?
28
Calculate the greatest common factor of 91 and 637.
91
What is the highest common factor of 1352 and 6?
2
Calculate the highest common divisor of 391 and 736.
23
Calculate the greatest common divisor of 5 and 20.
5
What is the highest common divisor of 740 and 40?
20
Calculate the highest common divisor of 888 and 18.
6
Calculate the highest common factor of 702 and 117.
117
Calculate the greatest common divisor of 192 and 3888.
48
What is the highest common factor of 23 and 437?
23
Calculate the highest common divisor of 418 and 152.
38
Calculate the highest common factor of 212 and 32.
4
Calculate the highest common divisor of 96 and 132.
12
Calculate the greatest common factor of 108 and 5688.
36
Calculate the greatest common factor of 3131 and 101.
101
Calculate the highest common divisor of 100 and 20.
20
Calculate the highest common divisor of 3552 and 111.
111
What is the highest common factor of 432 and 378?
54
What is the highest common factor of 7 and 19?
1
Calculate the greatest common factor of 20181 and 105.
21
What is the highest common divisor of 13 and 338?
13
What is the highest common divisor of 12751 and 41?
41
What is the greatest common divisor of 93 and 6541?
31
Calculate the greatest common divisor of 102 and 8619.
51
Calculate the greatest common divisor of 514 and 6.
2
What is the greatest common divisor of 104 and 364?
52
What is the highest common factor of 48 and 73344?
48
What is the highest common factor of 39 and 5421?
39
Calculate the highest common divisor of 57 and 247.
19
What is the greatest common divisor of 43 and 559?
43
What is the highest common factor of 308 and 1100?
44
Calculate the highest common divisor of 28 and 6720.
28
Calculate the highest common divisor of 10 and 4690.
10
Calculate the greatest common divisor of 17 and 68.
17
Calculate the highest common divisor of 2024 and 176.
88
What is the greatest common factor of 10496 and 123?
41
What is the greatest common divisor of 238 and 14?
14
Calculate the greatest common divisor of 590 and 236.
118
Calculate the greatest common factor of 16956 and 54.
54
Calculate the highest common factor of 445 and 267.
89
Calculate the greatest common factor of 60 and 3150.
30
Calculate the highest common factor of 10109 and 22.
11
What is the highest common factor of 5245 and 10?
5
What is the greatest common factor of 47 and 2209?
47
Calculate the highest common factor of 25 and 325.
25
What is the greatest common factor of 27 and 144?
9
What is the greatest common divisor of 682 and 22?
22
Calculate the greatest common divisor of 24 and 9.
3
What is the greatest common divisor of 22 and 352?
22
Calculate the greatest common factor of 138 and 24.
6
Calculate the highest common divisor of 1 and 3310.
1
Calculate the greatest common divisor of 42 and 3297.
21
What is the highest common factor of 18 and 558?
18
Calculate the greatest common factor of 57 and 133.
19
Calculate the greatest common divisor of 1210 and 33.
11
Calculate the greatest common factor of 2496 and 4.
4
Calculate the highest common factor of 7905 and 170.
85
Calculate the greatest common factor of 329 and 147.
7
Calculate the greatest common divisor of 45 and 345.
15
What is the highest common divisor of 5742 and 99?
99
What is the highest common divisor of 7654 and 129?
43
Calculate the greatest common divisor of 160 and 1040.
80
What is the highest common factor of 192 and 176?
16
Calculate the greatest common divisor of 1634 and 38.
38
Calculate the greatest common factor of 238 and 5355.
119
What is the greatest common divisor of 112 and 38864?
112
What is the highest common divisor of 140 and 84?
28
What is the greatest common divisor of 64 and 91264?
64
Calculate the greatest common divisor of 17 and 8279.
17
Calculate the greatest common factor of 1158 and 6.
6
What is the highest common divisor of 1870 and 440?
110
What is the highest common divisor of 12608 and 197?
197
What is the greatest common factor of 1534 and 442?
26
Calculate the greatest common divisor of 287 and 175.
7
Calculate the highest common factor of 35 and 2296.
7
What is the greatest common factor of 600 and 90?
30
What is the highest common divisor of 21 and 10479?
21
What is the high